4*b(o) - 3*s(o). What is m(3)?
-6
Let g(r) be the first derivative of -r**3/3 - 9*r + 8. What is g(0)?
-9
Suppose 0 = -2*z + z + 4. Suppose -w - w + z = 0. Let s(y) = 5*y + 10. Let i(b) = -b - 2. Let x(q) = -11*i(q) - 2*s(q). What is x(w)?
4
Let k be (-2)/(-11) - (-68)/(-11). Let g(r) = -r - 5. Give g(k).
1
Suppose 0 = -o - 0*o - 2. Let j be (o + -1 + 5)*-1. Let m(g) = g**2 + 3*g + 3. Calculate m(j).
1
Let u be 5/20 + (-22)/(-8). Let b(i) = 3*i + 6*i**3 - u*i + 2*i**2 - 3*i**2. Give b(1).
5
Suppose 2 = -g + 4. Let l(c) be the third derivative of c**4/8 + c**3/6 + 2*c**2. Calculate l(g).
7
Let u(v) = 5*v - 5. Let n(o) = -2*o + 2. Let m(w) = 8*n(w) + 3*u(w). Suppose 2*j - 12 = -0. Suppose -j = c - 1. Determine m(c).
6
Let q = -35 - -40. Let d(m) = -m**2 + 4*m - 5. What is d(q)?
-10
Let v(k) = k**2 + 2*k - 4. Let c be v(-3). Let r(q) = 2*q**2 + q - q**2 + q + 1. Determine r(c).
0
Let b(t) be the second derivative of t**5/20 - t**4/3 - t**3/6 - 5*t**2/2 + t. Suppose -19 = -4*f - 3*h, -2*h - 15 = -3*f - 5*h. Calculate b(f).
-9
Let n be (-3 - -7)/(-4) - -1. Let h(z) = 3*z**3 - 2*z**3 - z**2 + 0*z**2 - z + 3. Calculate h(n).
3
Let r(i) = -i - 5. Let y be r(-5). Let o be (y*1/2)/1. Let b(d) = d**2 - 7. What is b(o)?
-7
Let r(v) = 6*v + 15. Let k(h) = 4*h + 10. Let f(w) = -8*k(w) + 5*r(w). Give f(-4).
3
Let k(n) = -n**2 + n + 4. Let y(a) = -a**2 + a - 3. Let v be 2 + -4 + 1 - -3. Let w = v - 2. Let o be y(w). Determine k(o).
-8
Let t(i) = 2*i + 12. Let s be t(-8). Let p(h) = -20*h**2 - 23*h + 12. Let c(u) = 7*u**2 + 8*u - 4. Let r(b) = 17*c(b) + 6*p(b). Determine r(s).
-4
Let z = 0 - 4. Let a = z - -5. Let b(i) = -a + i + 2 - 2*i + 2*i. What is b(-5)?
-4
Let d(o) = -6 + 7*o + 6. Let p = 46 - 45. Determine d(p).
7
Suppose -c = -5*v + 18, 3*c = -3*v + 4 + 14. Let j(n) = c*n - 3 - n**2 + n**2 + n**3. Suppose 0 = 2*s - u, -2*u = -2*s - 3*s + 2. Determine j(s).
9
Let p(l) = -l**2 + l + 2. Let i(z) = -6*z**2 + 5*z + 11. Let x(v) = -2*i(v) + 11*p(v). What is x(0)?
0
Let y(u) = 13*u**3 + 15*u**2 - 4*u + 1. Let i(t) = 3*t**3 + 4*t**2 - t. Let f(h) = -9*i(h) + 2*y(h). Determine f(-6).
-4
Let s(x) = x**2 + x + 11. Let b(p) = -p**2 + 3*p - 2. Let l be b(2). Give s(l).
11
Let n(j) = -5*j + 0*j - 1 + 4*j. Let f be (-16)/40 - (-54)/10. Give n(f).
-6
Let q(x) = x**3 - 2*x**2 + 2. Suppose 23 = -3*h - 16. Let f = h + 21. Let u be (-24)/(-10) + f/(-20). Give q(u).
2
Let l(y) = -y**3 - 8*y**2 - y - 1. Let u = -56 + 48. Give l(u).
7
Suppose -a = -4*f - 3*a - 6, -f + 15 = -5*a. Suppose -4*s + 8 = 0, f*s = 4*l - s - 14. Let x(i) = -2*i + 2. Calculate x(l).
-6
Let y(o) be the first derivative of -7*o**3/3 - o**2 - o - 2. Suppose 0 = -v - 4 + 2. Let j be ((-5)/(-10))/(1/v). Determine y(j).
-6
Let i(o) = 2*o - 3 + o**2 - o + 0*o + 2*o. Let g be (-36)/10 + 4/(-10). Determine i(g).
1
Let j(i) = -i**2 - 8*i + 5. Suppose -2*x + 8 = -2*z - 10, 0 = 3*x - 3. What is j(z)?
5
Let c(k) = -85*k - 78*k + 4 + 162*k. Let r(x) = 4*x - 1. Let l be r(1). Calculate c(l).
1
Suppose -1 + 4 = y. Suppose 5*p - 2*p - 5*f - 38 = 0, -34 = -y*p + 4*f. Let a(c) = -c**2 + 5*c. Calculate a(p).
-6
Let t(x) = -x**3 - 5*x**2 - 4*x - 3. Let o(q) = q**2 - 2*q + 3. Suppose -8 = -3*f - 2. Let s be o(f). Let p be -2*(s/2 + 0). Determine t(p).
-9
Let u be 0 + -2 + 1 + 3. Let h = -12 - -12. Let n(g) = g + g**2 + 2*g**2 + h*g**2 - 4*g**u. Give n(-1).
-2
Let q(f) = f**2 - 2*f. Let m be (4/((-16)/(-4)))/(-1). Let z = m - -4. Determine q(z).
3
Let r(v) = v**3 - v**2 + 2. Let d = 7 - 4. Let p be ((-1)/d)/((-10)/(-60)). What is r(p)?
-10
Let k(n) = 3*n**3 - 2*n + 2. Let v be k(1). Let y(a) = 6*a - 3*a - 4*a**2 + 1 + 0 + a**2 - a**v. Determine y(-4).
5
Let f(t) = -t**3 + 7*t**2 + t - 3. Let r = 108 + -101. Give f(r).
4
Let t(u) = u**3 - 4*u**2 - 6*u + 7. Suppose 5*j - y = 26, 0*y + 21 = 4*j - y. Determine t(j).
2
Suppose 4*l + 9 = -5*q, 2*l + 7 = q + 5*l. Let b(z) = z - 2. Give b(q).
-7
Let t(k) = k + 2. Let f(u) = -u**2 + 4*u - 2. Let l be f(2). Suppose i - 2 = -b, -2*b + l*i - 4 = -b. Suppose -6 = -3*n - b*n. Determine t(n).
4
Let n(k) = -3*k + 4. Let x(g) = 7*g - 7. Let i(b) = -5*n(b) - 3*x(b). Determine i(-4).
25
Let g(t) be the first derivative of -t**4/4 + t**3 + 2*t**2 - 3*t + 10. Calculate g(4).
-3
Let b(z) = -z**2 - 1. Let s(j) = -3*j**3 - 4*j**2 - 5*j - 8. Let x(v) = -v**3 - v. Let l(h) = s(h) - 4*x(h). Let o(f) = 5*b(f) - l(f). Determine o(0).
3
Let j(u) be the third derivative of -u**5/60 + 7*u**4/24 + 3*u**2. Determine j(3).
12
Let t(n) = -n**3 - n**2 - 1. Let v(j) = -7*j**3 - j**2 - 3*j - 3. Let i(q) = -6*t(q) + v(q). Calculate i(4).
7
Let h(m) be the third derivative of -11*m**6/120 + m**5/60 - m**3/6 + 10*m**2. What is h(-1)?
11
Suppose -13*m + 12*m - 5*j = -21, 4*j = 3*m - 6. Let r(h) = h**3 - 5*h**2 - 5*h + 7. Calculate r(m).
13
Let i(k) = -k**2 + 3*k + 2. Let x be ((-16)/48)/((-1)/9). Determine i(x).
2
Let a(i) be the first derivative of -i**2/2 + 4*i + 9. Calculate a(2).
2
Let j(u) = -9 + u**2 - u**2 + u**2. Let l = -244 + 244. What is j(l)?
-9
Suppose 3*g - 2*i = 12, 3*g - i - 21 = 4*i. Let o = g - 4. Let u(a) = -8*a + 7*a - a + 8*a - a. What is u(o)?
-10
Let v(p) be the third derivative of p**5/60 + p**4/12 + p**3/2 - 2*p**2. Let f = 1 + -4. What is v(f)?
6
Suppose 0*n = -n - 1. Let c(p) be the first derivative of -p**2/2 - p + 112. Give c(n).
0
Let t(m) = -m**2 - 2*m. Let w be 1/(-2) - 4/(-8). Let a be 0 - (2 - (0 - w)). Calculate t(a).
0
Let w(r) be the first derivative of -r**3/3 - 5*r**2/2 - 5*r + 14. Calculate w(-5).
-5
Let p(m) = -2*m - 25. Let a be p(-12). Let b(x) = -12*x**2 + 3*x + 1. Let d(l) = -49*l**2 + 13*l + 4. Let t(z) = -9*b(z) + 2*d(z). Give t(a).
10
Let u(d) = -d - 2. Let n(g) = -g - 2. Let t(s) = 5*n(s) - 4*u(s). Give t(4).
-6
Let d(a) be the first derivative of -a**4/4 + 5*a**3/3 + 7*a**2/2 - 5*a + 2. Let v = 5 - -1. Let y be d(v). Let q(g) = -g**3 + g**2 - g. What is q(y)?
-1
Let j(a) be the second derivative of a**5/5 - 5*a**4/12 - 5*a**3/6 + a**2 - 2*a. Let m(r) = r**3 - r**2 - r + 1. Let d(n) = j(n) - 3*m(n). Give d(-1).
-2
Let v(k) = 5 + 0*k + k + 0*k. Suppose 6*w - 10*w = 0. Determine v(w).
5
Let w(m) = -8*m + 1. Let x(n) = -n**2 - 11*n + 13. Let l be x(-12). Determine w(l).
-7
Let k = -240 + 245. Let c(t) = -2*t + 3*t + 0*t - 2. What is c(k)?
3
Suppose 2*m + 15 = -m, -3*l + 5*m = -4. Let b(y) = y. What is b(l)?
-7
Let o(m) = 1 + 6*m**2 + 8*m**2 - 21*m**2. Calculate o(-2).
-27
Let s(r) = -3*r**2 - 3 - r**2 + 4. Let z be 0 + 1/(-1)*19. Let g = z - -20. Calculate s(g).
-3
Let y(g) be the third derivative of g**4/24 + 5*g**2. Give y(-1).
-1
Let f be 90/405 + ((-65)/9)/1. Let w(l) = l**2 + 8*l + 7. Determine w(f).
0
Suppose -4*t + 5*o = -20, 2*o + 5 = t - 3. Let c(v) = -3*v**3 - v**2 - 7. Let y(x) = -10*x**3 - 3*x**2 - 20. Let s(h) = -7*c(h) + 2*y(h). Determine s(t).
9
Let r(k) = -3*k**2 - k. Let j = 7 + -6. Suppose 0 = -4*h - u - 4, -4*h + 2*u = -j + 5. What is r(h)?
-2
Let i(f) = f + 1. Let q be 2/5 + (-26)/(-10). Let y(n) = -n + 5. Let u be y(4). Let v = q + u. Determine i(v).
5
Let c(q) = -4*q**2 + q + 7. Let p(t) = 3*t**2 - 2*t - 6. Let x(i) = 2*c(i) + 3*p(i). Calculate x(6).
8
Let a(j) be the second derivative of -5*j**3/6 + 3*j**2 - 5*j. Let u = 9 - 5. Give a(u).
-14
Let h(f) be the first derivative of -f**3/3 + 7*f**2/2 - 3*f + 5. Calculate h(5).
7
Let d = -5 + 4. Let o(f) be the third derivative of -3*f**5/20 + f**4/12 + f**3/6 - 3*f**2. Determine o(d).
-10
Suppose 0 = -p + 4*p - 6. Suppose -3*h - p = -5. Let t(y) = -2*y - 2*y**2 + 6*y - 4*y**3 - 3*y. What is t(h)?
-5
Let l(b) = b**2 - 6*b + 4. Let k be 160/(-6) - 8/(-12). Let x be 1/(-2) - k/4. Calculate l(x).
4
Suppose -2*p - 7 = m - 0*p, -4 = 2*m + 2*p. Suppose -l + 6*l - 5*y = 55, m*y + 45 = 5*l. Let d(k) = -k**2 + 5*k + 3. Determine d(l).
-3
Let y(g) = -4*g + 17. Let s(d) = d - 6. Let z(n) = -7*s(n) - 2*y(n). Give z(-6).
2
Let f = 97 + -387/4. Let a(i) be the first derivative of 5*i - 5/3*i**3 - f*i**4 + 3 - 3/2*i**2. Determine a(-4).
1
Let u(s) = -s**2 + 0 + 0 - 3*s - 1. Let q be ((-21)/(-42))/((-2)/8). Determine u(q).
1
Let a(p) = -p**2 + 6*p - 4. Let l be a(6). Let d(s) be the first derivative of s**4/4 + 5*s**3/3 + 3*s**2/2 + 2*s - 7. Determine d(l).
6
Let s be -4 + (4 - 2) + 0. Let r(k) = -k**2 - 2*k. Give